{"id":20413,"date":"2025-11-09T12:03:50","date_gmt":"2025-11-09T17:03:50","guid":{"rendered":"https:\/\/innovatedotic.com\/portalweb\/?post_type=product&#038;p=20413"},"modified":"2025-11-09T12:25:48","modified_gmt":"2025-11-09T17:25:48","slug":"inteligencia-artificial-aplicada-a-la-educacion-copia","status":"publish","type":"product","link":"https:\/\/innovatedotic.com\/portalweb\/cursos\/inteligencia-artificial-aplicada-a-la-educacion-copia\/","title":{"rendered":"Curso: Innovaci\u00f3n Pedag\u00f3gica con TIC"},"content":{"rendered":"<p><strong> Descripci\u00f3n:<\/strong><br \/>\nPromueve el uso creativo de las tecnolog\u00edas en la planificaci\u00f3n y ejecuci\u00f3n de clases.<br \/>\nIncluye metodolog\u00edas activas, gamificaci\u00f3n, aprendizaje invertido y dise\u00f1o de experiencias significativas con TIC.<br \/>\n<strong>Duraci\u00f3n:<\/strong> 40 horas<\/p>\n<p><strong>Certificaci\u00f3n General<\/strong><\/p>\n<p>Todos los cursos de Innovate DoTIC otorgan certificados digitales verificables, con horas acad\u00e9micas y c\u00f3digo QR de autenticidad.<br \/>\nAdem\u00e1s, los programas pueden adaptarse a necesidades institucionales espec\u00edficas (ministerios, colegios, institutos o universidades).<\/p>\n","protected":false},"excerpt":{"rendered":"<p><strong> Descripci\u00f3n:<\/strong><br \/>\nPromueve el uso creativo de las tecnolog\u00edas en la planificaci\u00f3n y ejecuci\u00f3n de clases.<br \/>\nIncluye metodolog\u00edas activas, gamificaci\u00f3n, aprendizaje invertido y dise\u00f1o de experiencias significativas con TIC.<br \/>\n<strong>Duraci\u00f3n:<\/strong> 40 horas<\/p>\n<p><strong>Certificaci\u00f3n General<\/strong><\/p>\n<p>Todos los cursos de Innovate DoTIC otorgan certificados digitales verificables, con horas acad\u00e9micas y c\u00f3digo QR de autenticidad.<br \/>\nAdem\u00e1s, los programas pueden adaptarse a necesidades institucionales espec\u00edficas (ministerios, colegios, institutos o universidades).<\/p>\n","protected":false},"featured_media":20409,"comment_status":"open","ping_status":"closed","template":"elementor_theme","meta":{"_joinchat":[]},"product_cat":[100],"product_tag":[],"class_list":{"0":"post-20413","1":"product","2":"type-product","3":"status-publish","4":"has-post-thumbnail","6":"product_cat-cursos","8":"first","9":"instock","10":"sold-individually","11":"shipping-taxable","12":"product-type-external"},"_links":{"self":[{"href":"https:\/\/innovatedotic.com\/portalweb\/wp-json\/wp\/v2\/product\/20413","targetHints":{"allow":["GET"]}}],"collection":[{"href":"https:\/\/innovatedotic.com\/portalweb\/wp-json\/wp\/v2\/product"}],"about":[{"href":"https:\/\/innovatedotic.com\/portalweb\/wp-json\/wp\/v2\/types\/product"}],"replies":[{"embeddable":true,"href":"https:\/\/innovatedotic.com\/portalweb\/wp-json\/wp\/v2\/comments?post=20413"}],"version-history":[{"count":4,"href":"https:\/\/innovatedotic.com\/portalweb\/wp-json\/wp\/v2\/product\/20413\/revisions"}],"predecessor-version":[{"id":20431,"href":"https:\/\/innovatedotic.com\/portalweb\/wp-json\/wp\/v2\/product\/20413\/revisions\/20431"}],"wp:featuredmedia":[{"embeddable":true,"href":"https:\/\/innovatedotic.com\/portalweb\/wp-json\/wp\/v2\/media\/20409"}],"wp:attachment":[{"href":"https:\/\/innovatedotic.com\/portalweb\/wp-json\/wp\/v2\/media?parent=20413"}],"wp:term":[{"taxonomy":"product_cat","embeddable":true,"href":"https:\/\/innovatedotic.com\/portalweb\/wp-json\/wp\/v2\/product_cat?post=20413"},{"taxonomy":"product_tag","embeddable":true,"href":"https:\/\/innovatedotic.com\/portalweb\/wp-json\/wp\/v2\/product_tag?post=20413"}],"curies":[{"name":"wp","href":"https:\/\/api.w.org\/{rel}","templated":true}]}}